{"id":66,"date":"2024-06-10T21:36:40","date_gmt":"2024-06-10T21:36:40","guid":{"rendered":"https:\/\/saintslawfirm.com\/about\/"},"modified":"2025-02-21T11:59:02","modified_gmt":"2025-02-21T11:59:02","slug":"about","status":"publish","type":"page","link":"https:\/\/saintslawfirm.com\/french\/about\/","title":{"rendered":"\u00c0 propos"},"content":{"rendered":"<div class=\"wp-block-uagb-container uagb-block-80a45300 alignfull uagb-is-root-container\"><div class=\"uagb-container-inner-blocks-wrap\">\n<div class=\"wp-block-uagb-advanced-heading uagb-block-c058df85\"><h1 class=\"uagb-heading-text\">\u00c0 propos de nous<\/h1><\/div>\n<\/div><\/div>\n\n\n\n<div class=\"wp-block-uagb-container uagb-block-ca06ae72 alignfull uagb-is-root-container\"><div class=\"uagb-container-inner-blocks-wrap\">\n<div class=\"wp-block-uagb-container uagb-block-6a2e822b\">\n<div class=\"wp-block-uagb-info-box uagb-block-6b6433c6 uagb-infobox__content-wrap  uagb-infobox-icon-above-title uagb-infobox-image-valign-top\"><div class=\"uagb-ifb-content\"><div class=\"uagb-ifb-icon-wrap\"><svg xmlns=\"https:\/\/www.w3.org\/2000\/svg\" viewbox=\"0 0 512 512\"><path d=\"M45.63 79.75L52 81.25v58.5C45 143.9 40 151.3 40 160c0 8.375 4.625 15.38 11.12 19.75L35.5 242C33.75 248.9 37.63 256 43.13 256h41.75c5.5 0 9.375-7.125 7.625-13.1L76.88 179.8C83.38 175.4 88 168.4 88 160c0-8.75-5-16.12-12-20.25V87.13L128 99.63l.001 60.37c0 70.75 57.25 128 128 128s127.1-57.25 127.1-128L384 99.62l82.25-19.87c18.25-4.375 18.25-27 0-31.5l-190.4-46c-13-3-26.62-3-39.63 0l-190.6 46C27.5 52.63 27.5 75.38 45.63 79.75zM359.2 312.8l-103.2 103.2l-103.2-103.2c-69.93 22.3-120.8 87.2-120.8 164.5C32 496.5 47.53 512 66.67 512h378.7C464.5 512 480 496.5 480 477.3C480 400 429.1 335.1 359.2 312.8z\"><\/path><\/svg><\/div><div class=\"uagb-ifb-title-wrap\"><h5 class=\"uagb-ifb-title\">Experts juridiques qualifi\u00e9s<\/h5><\/div><p class=\"uagb-ifb-desc\">Le cabinet Saint\u2019s Law Firm est compos\u00e9 d'experts juridiques hautement qualifi\u00e9s, d\u00e9termin\u00e9s \u00e0 fournir une repr\u00e9sentation de premier ordre et \u00e0 obtenir les meilleurs r\u00e9sultats pour nos clients.<\/p><\/div><\/div>\n\n\n\n<div class=\"wp-block-uagb-info-box uagb-block-2a72fd81 uagb-infobox__content-wrap  uagb-infobox-icon-above-title uagb-infobox-image-valign-top\"><div class=\"uagb-ifb-content\"><div class=\"uagb-ifb-icon-wrap\"><svg xmlns=\"https:\/\/www.w3.org\/2000\/svg\" viewbox=\"0 0 640 512\"><path d=\"M554.9 154.5c-17.62-35.25-68.12-35.38-85.87 0c-87 174.3-84.1 165.9-84.1 181.5c0 44.13 57.25 80 128 80s127.1-35.88 127.1-80C639.1 319.9 641.4 327.3 554.9 154.5zM439.1 320l71.96-144l72.17 144H439.1zM256 336c0-16.12 1.375-8.75-85.12-181.5c-17.62-35.25-68.12-35.38-85.87 0c-87 174.3-84.1 165.9-84.1 181.5c0 44.13 57.25 80 127.1 80S256 380.1 256 336zM127.9 176L200.1 320H55.96L127.9 176zM495.1 448h-143.1V153.3C375.5 143 393.1 121.8 398.4 96h113.6c17.67 0 31.1-14.33 31.1-32s-14.33-32-31.1-32h-128.4c-14.62-19.38-37.5-32-63.62-32S270.1 12.62 256.4 32H128C110.3 32 96 46.33 96 64S110.3 96 127.1 96h113.6c5.25 25.75 22.87 47 46.37 57.25V448H144c-26.51 0-48.01 21.49-48.01 48c0 8.836 7.165 16 16 16h416c8.836 0 16-7.164 16-16C544 469.5 522.5 448 495.1 448z\"><\/path><\/svg><\/div><div class=\"uagb-ifb-title-wrap\"><h5 class=\"uagb-ifb-title\">Des ann\u00e9es d'exp\u00e9rience<\/h5><\/div><p class=\"uagb-ifb-desc\">Avec des ann\u00e9es d\u2019exp\u00e9rience, notre \u00e9quipe s\u2019est b\u00e2tie une r\u00e9putation d\u2019excellence et de repr\u00e9sentation r\u00e9ussie.<\/p><\/div><\/div>\n<\/div>\n<\/div><\/div>\n\n\n\n<div class=\"wp-block-uagb-container uagb-block-e7f18e9f alignfull uagb-is-root-container\"><div class=\"uagb-container-inner-blocks-wrap\">\n<div class=\"wp-block-uagb-info-box uagb-block-01da6c10 uagb-infobox__content-wrap  uagb-infobox-icon-above-title uagb-infobox-image-valign-top\"><div class=\"uagb-ifb-content\"><div class=\"uagb-ifb-title-wrap\"><span class=\"uagb-ifb-title-prefix\">Avocat plaidant professionnel et exp\u00e9riment\u00e9<\/span><h2 class=\"uagb-ifb-title\">Ma biographie<\/h2><\/div><p class=\"uagb-ifb-desc\">Widner Saint-Cyr (\u00ab Saint \u00bb) a obtenu son dipl\u00f4me de premier cycle de l\u2019Universit\u00e9 du Maryland, avec une majeure en criminologie et justice p\u00e9nale, et une mineure en leadership. Saint est dipl\u00f4m\u00e9 de la facult\u00e9 de droit de l'Universit\u00e9 Saint-Louis avec une concentration en droit international et compar\u00e9.<br>Apr\u00e8s avoir obtenu son dipl\u00f4me en droit, Saint a travaill\u00e9 comme d\u00e9fenseur public au bureau du d\u00e9fenseur public de l'\u00c9tat du Missouri \u00e0 Clayton, Missouri ; et au bureau du d\u00e9fenseur public du neuvi\u00e8me circuit judiciaire \u00e0 Orlando, en Floride. En tant que d\u00e9fenseur public, Saint a obtenu plusieurs verdicts de non-culpabilit\u00e9 pour ses clients lors du proc\u00e8s. L'exp\u00e9rience de Saint s'\u00e9tend de la repr\u00e9sentation de clients dans des d\u00e9lits mineurs \u00e0 des accusations de crime au premier degr\u00e9. Saint a \u00e9galement repr\u00e9sent\u00e9 des entreprises dans les domaines de la responsabilit\u00e9 civile des locaux et des produits, ainsi que des accidents de la route.<br><br>En dehors de son m\u00e9tier d'avocat, Saint aime jouer au football et passer du temps avec sa famille. Saint est un ancien joueur de football professionnel qui a remport\u00e9 plusieurs championnats de conf\u00e9rence avec l'Universit\u00e9 du Maryland et a repr\u00e9sent\u00e9 l'\u00e9quipe nationale de football ha\u00eftienne dans diverses comp\u00e9titions internationales de jeunes. Saint promet d'apporter sa comp\u00e9titivit\u00e9 du terrain de sport \u00e0 la salle d'audience en votre nom.<\/p><div class=\"uagb-ifb-separator\"><\/div><\/div><\/div>\n\n\n\n<div class=\"wp-block-uagb-container uagb-block-03161845\">\n<div class=\"wp-block-uagb-image uagb-block-eeaee521 wp-block-uagb-image--layout-default wp-block-uagb-image--effect-static wp-block-uagb-image--align-none\"><figure class=\"wp-block-uagb-image__figure\"><img decoding=\"async\" srcset=\"https:\/\/saintslawfirm.com\/wp-content\/uploads\/2024\/06\/img-1.jpg ,https:\/\/saintslawfirm.com\/wp-content\/uploads\/2024\/06\/img-1.jpg 780w, https:\/\/saintslawfirm.com\/wp-content\/uploads\/2024\/06\/img-1.jpg 360w\" sizes=\"auto, (max-width: 480px) 150px\" src=\"https:\/\/saintslawfirm.com\/wp-content\/uploads\/2024\/06\/img-1.jpg\" alt=\"\" class=\"uag-image-534\" width=\"700\" height=\"700\" title=\"img\" loading=\"lazy\" role=\"img\"\/><\/figure><\/div>\n<\/div>\n<\/div><\/div>\n\n\n\n<div class=\"wp-block-uagb-container uagb-block-c9bf314d alignfull uagb-is-root-container\"><div class=\"uagb-container-inner-blocks-wrap\">\n<div class=\"wp-block-uagb-advanced-heading uagb-block-052fc152\"><h5 class=\"uagb-heading-text\">Appelez-nous 24h\/24 et 7j\/7<\/h5><\/div>\n\n\n\n<div class=\"wp-block-uagb-advanced-heading uagb-block-b57017be\"><h2 class=\"uagb-heading-text\">(240) 487-8358<\/h2><p class=\"uagb-desc-text\">OU<\/p><\/div>\n\n\n\n<div class=\"wp-block-uagb-advanced-heading uagb-block-1633fa09\"><h3 class=\"uagb-heading-text\">Obtenez votre premi\u00e8re consultation GRATUITE!<\/h3><\/div>\n\n\n\n<div class=\"wp-block-uagb-buttons uagb-buttons__outer-wrap uagb-btn__default-btn uagb-btn-tablet__default-btn uagb-btn-mobile__default-btn uagb-block-63f19bd9\"><div class=\"uagb-buttons__wrap uagb-buttons-layout-wrap\">\n<div class=\"wp-block-uagb-buttons-child uagb-buttons__outer-wrap uagb-block-66434fe1 wp-block-button is-style-outline\"><div class=\"uagb-button__wrapper\"><a class=\"uagb-buttons-repeater wp-block-button__link\" aria-label=\"\" href=\"https:\/\/saintslawfirm.com\/french\/contact\/\" rel=\"follow noopener\" target=\"_self\" role=\"button\"><div class=\"uagb-button__link\">Demande de rendez-vous<\/div><\/a><\/div><\/div>\n<\/div><\/div>\n<\/div><\/div>","protected":false},"excerpt":{"rendered":"<p>About Us\u200b Call Us 24\/7\u200b (240) 487-8358 OR Get Your First Consultation FREE!\u200b<\/p>","protected":false},"author":1,"featured_media":0,"parent":0,"menu_order":0,"comment_status":"closed","ping_status":"closed","template":"","meta":{"_uag_custom_page_level_css":"","footnotes":""},"class_list":["post-66","page","type-page","status-publish","hentry"],"blocksy_meta":[],"uagb_featured_image_src":{"full":false,"thumbnail":false,"medium":false,"medium_large":false,"large":false,"1536x1536":false,"2048x2048":false,"trp-custom-language-flag":false},"uagb_author_info":{"display_name":"Admin","author_link":"https:\/\/saintslawfirm.com\/french\/author\/admin\/"},"uagb_comment_info":0,"uagb_excerpt":"About Us\u200b Call Us 24\/7\u200b (240) 487-8358 OR Get Your First Consultation FREE!\u200b","_links":{"self":[{"href":"https:\/\/saintslawfirm.com\/french\/wp-json\/wp\/v2\/pages\/66","targetHints":{"allow":["GET"]}}],"collection":[{"href":"https:\/\/saintslawfirm.com\/french\/wp-json\/wp\/v2\/pages"}],"about":[{"href":"https:\/\/saintslawfirm.com\/french\/wp-json\/wp\/v2\/types\/page"}],"author":[{"embeddable":true,"href":"https:\/\/saintslawfirm.com\/french\/wp-json\/wp\/v2\/users\/1"}],"replies":[{"embeddable":true,"href":"https:\/\/saintslawfirm.com\/french\/wp-json\/wp\/v2\/comments?post=66"}],"version-history":[{"count":30,"href":"https:\/\/saintslawfirm.com\/french\/wp-json\/wp\/v2\/pages\/66\/revisions"}],"predecessor-version":[{"id":938,"href":"https:\/\/saintslawfirm.com\/french\/wp-json\/wp\/v2\/pages\/66\/revisions\/938"}],"wp:attachment":[{"href":"https:\/\/saintslawfirm.com\/french\/wp-json\/wp\/v2\/media?parent=66"}],"curies":[{"name":"wp","href":"https:\/\/api.w.org\/{rel}","templated":true}]}}